r of 17170 and 34?
34
Calculate the highest common divisor of 1091 and 1.
1
What is the greatest common factor of 460 and 1150?
230
Calculate the highest common factor of 1442 and 126.
14
What is the highest common divisor of 2107 and 18361?
301
Calculate the highest common divisor of 177 and 23187.
177
What is the highest common factor of 375 and 390?
15
Calculate the highest common divisor of 14 and 434.
14
Calculate the greatest common factor of 252 and 468.
36
What is the greatest common divisor of 3078 and 38?
38
Calculate the highest common factor of 1014 and 52.
26
Calculate the highest common factor of 37979 and 163.
163
Calculate the greatest common factor of 132 and 6468.
132
What is the highest common divisor of 3608 and 352?
88
Calculate the greatest common factor of 5402 and 222.
74
What is the highest common factor of 52 and 598?
26
Calculate the greatest common divisor of 6154 and 68.
34
What is the highest common divisor of 13 and 1079?
13
What is the highest common factor of 430 and 3354?
86
What is the highest common factor of 27 and 36?
9
Calculate the greatest common divisor of 40 and 8980.
20
Calculate the highest common factor of 216 and 192.
24
What is the greatest common divisor of 15138 and 54?
18
Calculate the greatest common divisor of 20 and 10240.
20
Calculate the highest common factor of 287 and 7.
7
What is the greatest common divisor of 4975 and 75?
25
What is the greatest common factor of 426 and 6?
6
What is the highest common divisor of 420 and 435?
15
Calculate the highest common divisor of 1475 and 100.
25
Calculate the greatest common factor of 19232 and 32.
32
Calculate the highest common divisor of 8 and 24576.
8
Calculate the highest common divisor of 20 and 920.
20
Calculate the highest common factor of 2201 and 465.
31
Calculate the greatest common divisor of 42 and 1491.
21
What is the greatest common divisor of 19 and 2109?
19
Calculate the highest common divisor of 16 and 256.
16
What is the greatest common divisor of 1485 and 715?
55
Calculate the highest common factor of 240 and 21680.
80
Calculate the greatest common factor of 3815 and 1085.
35
Calculate the greatest common divisor of 12 and 5568.
12
Calculate the greatest common factor of 27 and 63.
9
Calculate the highest common factor of 781 and 110.
11
What is the highest common factor of 288 and 27?
9
Calculate the greatest common divisor of 81 and 1323.
27
Calculate the greatest common divisor of 1287 and 18.
9
Calculate the greatest common divisor of 18 and 441.
9
Calculate the greatest common divisor of 8075 and 25.
25
Calculate the greatest common divisor of 49 and 2597.
49
Calculate the greatest common divisor of 482 and 2.
2
Calculate the highest common divisor of 119 and 153.
17
Calculate the greatest common factor of 231 and 105.
21
Calculate the greatest common factor of 105 and 2121.
21
What is the highest common divisor of 32 and 8?
8
What is the greatest common factor of 1089 and 99?
99
Calculate the highest common divisor of 256 and 192.
64
What is the highest common factor of 45 and 105?
15
What is the highest common factor of 425 and 25?
25
What is the highest common divisor of 29 and 58?
29
What is the greatest common factor of 403 and 155?
31
Calculate the greatest common divisor of 375 and 81.
3
What is the greatest common divisor of 260 and 104?
52
What is the greatest common factor of 695 and 40?
5
Calculate the greatest common divisor of 210 and 280.
70
Calculate the highest common divisor of 1125 and 63.
9
What is the highest common divisor of 946 and 2881?
43
What is the highest common divisor of 44 and 20?
4
Calculate the greatest common factor of 340 and 12.
4
What is the highest common factor of 1989 and 1638?
117
Calculate the highest common factor of 144 and 18.
18
What is the greatest common divisor of 108 and 2655?
9
What is the highest common divisor of 3410 and 93?
31
Calculate the highest common factor of 20 and 450.
10
What is the greatest common divisor of 7 and 287?
7
Calculate the highest common divisor of 18923 and 149.
149
Calculate the greatest common factor of 72 and 252.
36
Calculate the highest common factor of 1500 and 12.
12
Calculate the greatest common divisor of 40 and 320.
40
What is the greatest common factor of 3 and 28?
1
Calculate the greatest common factor of 616 and 231.
77
What is the highest common factor of 6 and 1662?
6
What is the greatest common divisor of 1955 and 85?
85
Calculate the highest common divisor of 1824 and 1152.
96
Calculate the greatest common divisor of 3168 and 495.
99
Calculate the greatest common divisor of 6868 and 34.
34
What is the highest common divisor of 81 and 18?
9
Calculate the greatest common factor of 13 and 767.
13
Calculate the greatest common factor of 2 and 32.
2
What is the highest common factor of 65 and 25?
5
Calculate the highest common factor of 11514 and 38.
38
Calculate the highest common divisor of 36045 and 135.
135
What is the greatest common divisor of 34956 and 72?
36
Calculate the greatest common divisor of 492 and 3321.
123
Calculate the greatest common factor of 26 and 650.
26
What is the highest common factor of 9 and 27?
9
Calculate the highest common divisor of 18 and 738.
18
Calculate the greatest common divisor of 14 and 3346.
14
Calculate the greatest common factor of 2359 and 7.
7
Calculate the highest common factor of 8 and 563.
1
What is the greatest common factor of 345 and 460?
115
Calculate the highest common divisor of 494 and 78.
26
What is the greatest common factor of 486 and 6?
6
Calculate the highest common factor of 63 and 612.
9
Calculate the highest common factor of 114 and 6.
6
What is the greatest common divisor of 42 and 1778?
14
What is the greatest common factor of 917 and 2096?
131
Calculate the highest common divisor of 3515 and 57.
19
Calculate the greatest common factor of 165 and 195.
15
Calculate the highest common divisor of 117 and 156.
39
Calculate the greatest common divisor of 26 and 507.
13
Calculate the highest common factor of 400 and 544.
16
Calculate the highest common factor of 1420 and 16685.
355
What is the highest common factor of 391 and 17?
17
Calculate the greatest common factor of 304 and 1976.
152
What is the greatest common factor of 434 and 21?
7
Calculate the greatest common factor of 30 and 2.
2
Calculate the greatest common factor of 30 and 520.
10
What is the highest common factor of 1400 and 56?
56
What is the highest common divisor of 6 and 753?
3
Calculate the greatest common factor of 37 and 481.
37
Calculate the greatest common divisor of 513 and 27.
27
What is the greatest common factor of 10 and 130?
10
Calculate the highest common factor of 27 and 501.
3
What is the greatest common factor of 43 and 688?
43
Calculate the highest common factor of 15 and 660.
15
What is the highest common divisor of 64 and 160?
32
Calculate the highest common divisor of 50 and 290.
10
What is the highest common factor of 1328 and 512?
16
What is the greatest common divisor of 1118 and 26?
26
Calculate the greatest common divisor of 45 and 567.
9
What is the greatest common divisor of 45 and 3285?
45
What is the highest common factor of 6846 and 42?
42
Calculate the highest common divisor of 13 and 64571.
13
What is the greatest common divisor of 21432 and 114?
114
Calculate the highest common factor of 3 and 183.
3
Calculate the greatest common divisor of 67 and 871.
67
What is the highest common factor of 456 and 60?
12
What is the highest common divisor of 296 and 9694?
74
Calculate the greatest common factor of 190 and 885.
5
What is the highest common factor of 2002 and 770?
154
Calculate the highest common factor of 125 and 125.
125
What is the highest common factor of 65 and 765?
5
Calculate the highest common divisor of 13 and 92014.
13
What is the greatest common divisor of 288 and 900?
36
Calculate the greatest common divisor of 722 and 38.
38
Calculate the highest common divisor of 7 and 35.
7
Calculate the greatest common factor of 23 and 391.
23
Calculate the highest common divisor of 6 and 2664.
6
What is the highest common divisor of 9 and 519?
3
What is the highest common divisor of 14 and 35?
7
What is the highest common factor of 24 and 12?
12
What is the highest com